{"id":472,"date":"2024-06-20T08:54:46","date_gmt":"2024-06-20T06:54:46","guid":{"rendered":"https:\/\/orapeniscola.com\/residents\/"},"modified":"2024-06-28T14:03:12","modified_gmt":"2024-06-28T12:03:12","slug":"residents","status":"publish","type":"page","link":"https:\/\/orapeniscola.com\/val\/residents\/","title":{"rendered":"Residents"},"content":{"rendered":"\n<section class=\"tpk-hero tpk-hero--products                lower\"\n         style=\"\">\n                        <picture >\n\n                    <source srcset=\"https:\/\/orapeniscola.com\/wp-content\/uploads\/sites\/34\/2024\/06\/Residentes-OTA-Barakaldo-480x300.webp\" media=\"((min-width: 0rem) and (max-width: 30rem))\">\n                             <source srcset=\"https:\/\/orapeniscola.com\/wp-content\/uploads\/sites\/34\/2024\/06\/Residentes-OTA-Barakaldo-1024x300.webp\" media=\"(min-width: 30rem) and (max-width: 64rem)\" >\n                            <source srcset=\"https:\/\/orapeniscola.com\/wp-content\/uploads\/sites\/34\/2024\/06\/Residentes-OTA-Barakaldo.webp\" media=\"(min-width: 64rem)\" >\n        \n        \n                                                                                                        \n        <img src=\"https:\/\/orapeniscola.com\/wp-content\/uploads\/sites\/34\/2024\/06\/Residentes-OTA-Barakaldo.webp\" alt=\"\"  width=\"1140\" height=\"300\"  loading=\"eager\">\n    <\/picture>\n\n    \n        <div class=\"tpk-hero__content wrapper row\">\n                    <div class=\"col-xs-12 col-sm-12 pr-h pl-h\">\n                                <header class=\"tpk-head  wrapper\">\n    <p class=\"tpk-head__caption\">Funcionament<\/p>    <h1 class=\"tpk-head__title\">Residents<\/h1>    <\/header>\n            \n                    <\/div>\n    <\/div>\n            <div class=\"tpk-hero__cards row wrapper\">\n                                                                                        <div class=\"col-xs-12 col-sm-12 col-md-4 mb-1 pl-h pr-h\">\n                                                                    <\/div>\n                    <\/div>\n    <\/section>\n<div class=\"tpk-spinner__wrapper\">\n    <div class=\"tpk-spinner\"><\/div>\n<\/div>\n\n<article class=\"tpk-page\">\n    <div class=\"row wrapper center-xs tpk-page__content\">\n        <div class=\"col-xs-12 col-sm-10 col-md-8 pt-4 pb-4\">\n            <blockquote>\n<h3><strong>Estacionament gratu\u00eft en TOTES LES ZONES BLAVES I TARONJA (a excepci\u00f3 de les zones verdes)<\/strong><\/h3>\n<\/blockquote>\n<h4>No \u00e9s necessari tr\u00e0mit de renovaci\u00f3<\/h4>\n<p>Els usuaris que disposaven d'autoritzaci\u00f3 d'estacionament gratu\u00eft en el 2023, no hauran de fer cap tr\u00e0mit de renovaci\u00f3:<\/p>\n<ul>\n<li>Si mantenen el mateix vehicle i estan al corrent de pagament de l'impost de circulaci\u00f3<\/li>\n<li>Si continuen empadronats<\/li>\n<\/ul>\n<blockquote>\n<h2>Sol\u00b7licitud d'estacionament residents zona ORA<\/h2>\n<\/blockquote>\n<ul>\n<li>Per a nous vehicles i nous empadronats:\n<ul>\n<li>Els ciutadans que no disposen d'autoritzaci\u00f3 per al seu vehicle en anys anteriors, perqu\u00e8 no estaven empadronats, el seu vehicle no pagava l'impost de circulaci\u00f3 a Pen\u00edscola o perqu\u00e8 tenen un nou vehicle, poden sol\u00b7licitar <strong>Estacionament resident en zona ORA<\/strong>. Per a aix\u00f2 \u00e9s necessari:\n<ul>\n<li>Que el titular del vehicle estiga empadronat a Pen\u00edscola<\/li>\n<li>Que l'impost de circulaci\u00f3 del vehicle es pague a Pen\u00edscola i estiga al corrent de pagament<\/li>\n<\/ul>\n<\/li>\n<\/ul>\n<\/li>\n<\/ul>\n<h4>Informaci\u00f3 sobre el tr\u00e0mit<\/h4>\n<p>Model de <a href=\"https:\/\/www.peniscola.org\/bd\/archivos\/archivo2732.pdf\">Sol\u00b7licitud Estacionament resident zona ORA<\/a><\/p>\n<p><strong>Documents necessaris<\/strong>:<\/p>\n<ul>\n<li>Rebut impost circulaci\u00f3 al corrent de pagament <strong>Lloc de presentaci\u00f3<\/strong><\/li>\n<li>Oficines SAC (Servei d'Atenci\u00f3 Ciutadana)<\/li>\n<\/ul>\n<blockquote>\n<h2>Les ZONES VERDES, limitades a 2 hores, sempre s\u00f3n de pagament<\/h2>\n<\/blockquote>\n<p>L'Av. de la Mar i el C. de Llandells (en el tram enfront del SAC) es queden fora de les zones per a residents per ser ZONES VERDES<\/p>\n\n        <\/div>\n    <\/div>\n<\/article>\n\n\n<section\n        class=\"tpk-banner-cta tpk-banner-cta--background   \"\n        style=\"\">\n    <div class=\"tpk-banner-cta__content row wrapper middle-xs \">\n                <div class=\"col-xs-12 col-sm-6 tpk-banner-cta__content__picture\">\n                                                        <picture >\n\n                    <source srcset=\"https:\/\/orapeniscola.com\/wp-content\/uploads\/sites\/34\/2024\/06\/Horarios-y-tarifas-375x500.jpg\" media=\"((min-width: 0rem) and (max-width: 30rem))\">\n                             <source srcset=\"https:\/\/orapeniscola.com\/wp-content\/uploads\/sites\/34\/2024\/06\/Horarios-y-tarifas-520x520.jpg\" media=\"(min-width: 30rem) and (max-width: 64rem)\" >\n                            <source srcset=\"https:\/\/orapeniscola.com\/wp-content\/uploads\/sites\/34\/2024\/06\/Horarios-y-tarifas.jpg\" media=\"(min-width: 64rem)\" >\n        \n        \n                                                                                                        \n        <img src=\"https:\/\/orapeniscola.com\/wp-content\/uploads\/sites\/34\/2024\/06\/Horarios-y-tarifas.jpg\" alt=\"\"  width=\"623\" height=\"800\"  loading=\"lazy\" >\n    <\/picture>\n\n        <\/div>\n        <div class=\"col-xs-12 col-sm-6 tpk-banner-cta__content__text  align-left \">\n                                                        <header class=\"tpk-head  wrapper\">\n    <p class=\"tpk-head__caption\">Consulta<\/p>    <h2 class=\"tpk-head__title\">Horaris i tarifes<\/h2>    <\/header>                                    <div class=\"tpk-banner-cta__buttons\">\n                                                                                <a  class=\"tpk-button tpk-button--primary tpk-button--lg \" href=\"https:\/\/orapeniscola.com\/horarios-y-tarifas\/\"    >\n    <span>Veure informaci\u00f3<\/span>\n    <\/a>                                            <\/div>\n                            <\/div>\n        <\/div>\n<\/section>\n\n\n<section\n        class=\"tpk-banner-cta tpk-banner-cta--background   \"\n        style=\" --bg-picture: url('https:\/\/orapeniscola.com\/wp-content\/uploads\/sites\/34\/2024\/06\/banner.webp'); \">\n    <div class=\"tpk-banner-cta__content row wrapper middle-xs \">\n                                <div class=\"col-xs-12 col-md-6 tpk-banner-cta__content__text  \">\n                                                <header class=\"tpk-head  wrapper\">\n    <p class=\"tpk-head__caption\">Consulta les zones d'estacionament regulat<\/p>    <h2 class=\"tpk-head__title\">Pla General Pen\u00edscola<\/h2>    <\/header>                                    <div class=\"tpk-banner-cta__buttons\">\n                                                                                <a  class=\"tpk-button tpk-button--primary tpk-button--lg \" href=\"https:\/\/orapeniscola.com\/val\/planos\/\"    target=\"_blank\" >\n    <span>Ver <\/span>\n    <\/a>                                            <\/div>\n                            <\/div>\n        <\/div>\n<\/section>\n\n<article class=\"tpk-page\">\n    <div class=\"row wrapper center-xs tpk-page__content\">\n        <div class=\"col-xs-12 col-sm-10 col-md-8 pt-4 pb-4\">\n            <h2>Preguntes Freq\u00fcents<\/h2>\n<blockquote>\n<p>Si t\u00e9 qualsevol dubte no dubte a consultar la nostra F.A.Q. (Preguntes Freq\u00fcents) on trobar\u00e0 les q\u00fcestions realitzades per la majoria dels usuaris.<\/p>\n<p><a href=\"https:\/\/orapeniscola.com\/val\/faqs\/\">VEURE PREGUNTES FREQ\u00dcENTS<\/a><\/p>\n<\/blockquote>\n\n        <\/div>\n    <\/div>\n<\/article>","protected":false},"excerpt":{"rendered":"","protected":false},"author":3,"featured_media":0,"parent":0,"menu_order":0,"comment_status":"closed","ping_status":"closed","template":"","meta":[],"yoast_head":"<!-- This site is optimized with the Yoast SEO plugin v20.12 - https:\/\/yoast.com\/wordpress\/plugins\/seo\/ -->\n<title>Residents - ORA Pe\u00f1iscola<\/title>\n<meta name=\"robots\" content=\"index, follow, max-snippet:-1, max-image-preview:large, max-video-preview:-1\" \/>\n<link rel=\"canonical\" href=\"https:\/\/orapeniscola.com\/val\/residents\/\" \/>\n<meta property=\"og:locale\" content=\"en_US\" \/>\n<meta property=\"og:type\" content=\"article\" \/>\n<meta property=\"og:title\" content=\"Residents - ORA Pe\u00f1iscola\" \/>\n<meta property=\"og:url\" content=\"https:\/\/orapeniscola.com\/val\/residents\/\" \/>\n<meta property=\"og:site_name\" content=\"ORA Pe\u00f1iscola\" \/>\n<meta property=\"article:modified_time\" content=\"2024-06-28T12:03:12+00:00\" \/>\n<meta name=\"twitter:card\" content=\"summary_large_image\" \/>\n<script type=\"application\/ld+json\" class=\"yoast-schema-graph\">{\"@context\":\"https:\/\/schema.org\",\"@graph\":[{\"@type\":\"WebPage\",\"@id\":\"https:\/\/orapeniscola.com\/val\/residents\/\",\"url\":\"https:\/\/orapeniscola.com\/val\/residents\/\",\"name\":\"Residents - ORA Pe\u00f1iscola\",\"isPartOf\":{\"@id\":\"https:\/\/orapeniscola.com\/val\/#website\"},\"datePublished\":\"2024-06-20T06:54:46+00:00\",\"dateModified\":\"2024-06-28T12:03:12+00:00\",\"breadcrumb\":{\"@id\":\"https:\/\/orapeniscola.com\/val\/residents\/#breadcrumb\"},\"inLanguage\":\"ca-VAL\",\"potentialAction\":[{\"@type\":\"ReadAction\",\"target\":[\"https:\/\/orapeniscola.com\/val\/residents\/\"]}]},{\"@type\":\"BreadcrumbList\",\"@id\":\"https:\/\/orapeniscola.com\/val\/residents\/#breadcrumb\",\"itemListElement\":[{\"@type\":\"ListItem\",\"position\":1,\"name\":\"Home\",\"item\":\"https:\/\/orapeniscola.com\/val\/\"},{\"@type\":\"ListItem\",\"position\":2,\"name\":\"Residents\"}]},{\"@type\":\"WebSite\",\"@id\":\"https:\/\/orapeniscola.com\/val\/#website\",\"url\":\"https:\/\/orapeniscola.com\/val\/\",\"name\":\"ORA Pe\u00f1iscola\",\"description\":\"\",\"publisher\":{\"@id\":\"https:\/\/orapeniscola.com\/val\/#organization\"},\"potentialAction\":[{\"@type\":\"SearchAction\",\"target\":{\"@type\":\"EntryPoint\",\"urlTemplate\":\"https:\/\/orapeniscola.com\/val\/?s={search_term_string}\"},\"query-input\":\"required name=search_term_string\"}],\"inLanguage\":\"ca-VAL\"},{\"@type\":\"Organization\",\"@id\":\"https:\/\/orapeniscola.com\/val\/#organization\",\"name\":\"ORA Pe\u00f1iscola\",\"url\":\"https:\/\/orapeniscola.com\/val\/\",\"logo\":{\"@type\":\"ImageObject\",\"inLanguage\":\"ca-VAL\",\"@id\":\"https:\/\/orapeniscola.com\/val\/#\/schema\/logo\/image\/\",\"url\":\"https:\/\/orapeniscola.com\/wp-content\/uploads\/sites\/34\/2024\/06\/cropped-pen\u0303iscola-1-1.png\",\"contentUrl\":\"https:\/\/orapeniscola.com\/wp-content\/uploads\/sites\/34\/2024\/06\/cropped-pen\u0303iscola-1-1.png\",\"width\":110,\"height\":60,\"caption\":\"ORA Pe\u00f1iscola\"},\"image\":{\"@id\":\"https:\/\/orapeniscola.com\/val\/#\/schema\/logo\/image\/\"}}]}<\/script>\n<!-- \/ Yoast SEO plugin. -->","yoast_head_json":{"title":"Residents - ORA Pe\u00f1iscola","robots":{"index":"index","follow":"follow","max-snippet":"max-snippet:-1","max-image-preview":"max-image-preview:large","max-video-preview":"max-video-preview:-1"},"canonical":"https:\/\/orapeniscola.com\/val\/residents\/","og_locale":"en_US","og_type":"article","og_title":"Residents - ORA Pe\u00f1iscola","og_url":"https:\/\/orapeniscola.com\/val\/residents\/","og_site_name":"ORA Pe\u00f1iscola","article_modified_time":"2024-06-28T12:03:12+00:00","twitter_card":"summary_large_image","schema":{"@context":"https:\/\/schema.org","@graph":[{"@type":"WebPage","@id":"https:\/\/orapeniscola.com\/val\/residents\/","url":"https:\/\/orapeniscola.com\/val\/residents\/","name":"Residents - ORA Pe\u00f1iscola","isPartOf":{"@id":"https:\/\/orapeniscola.com\/val\/#website"},"datePublished":"2024-06-20T06:54:46+00:00","dateModified":"2024-06-28T12:03:12+00:00","breadcrumb":{"@id":"https:\/\/orapeniscola.com\/val\/residents\/#breadcrumb"},"inLanguage":"ca-VAL","potentialAction":[{"@type":"ReadAction","target":["https:\/\/orapeniscola.com\/val\/residents\/"]}]},{"@type":"BreadcrumbList","@id":"https:\/\/orapeniscola.com\/val\/residents\/#breadcrumb","itemListElement":[{"@type":"ListItem","position":1,"name":"Home","item":"https:\/\/orapeniscola.com\/val\/"},{"@type":"ListItem","position":2,"name":"Residents"}]},{"@type":"WebSite","@id":"https:\/\/orapeniscola.com\/val\/#website","url":"https:\/\/orapeniscola.com\/val\/","name":"ORA Pe\u00f1iscola","description":"","publisher":{"@id":"https:\/\/orapeniscola.com\/val\/#organization"},"potentialAction":[{"@type":"SearchAction","target":{"@type":"EntryPoint","urlTemplate":"https:\/\/orapeniscola.com\/val\/?s={search_term_string}"},"query-input":"required name=search_term_string"}],"inLanguage":"ca-VAL"},{"@type":"Organization","@id":"https:\/\/orapeniscola.com\/val\/#organization","name":"ORA Pe\u00f1iscola","url":"https:\/\/orapeniscola.com\/val\/","logo":{"@type":"ImageObject","inLanguage":"ca-VAL","@id":"https:\/\/orapeniscola.com\/val\/#\/schema\/logo\/image\/","url":"https:\/\/orapeniscola.com\/wp-content\/uploads\/sites\/34\/2024\/06\/cropped-pen\u0303iscola-1-1.png","contentUrl":"https:\/\/orapeniscola.com\/wp-content\/uploads\/sites\/34\/2024\/06\/cropped-pen\u0303iscola-1-1.png","width":110,"height":60,"caption":"ORA Pe\u00f1iscola"},"image":{"@id":"https:\/\/orapeniscola.com\/val\/#\/schema\/logo\/image\/"}}]}},"meta_box":[],"_links":{"self":[{"href":"https:\/\/orapeniscola.com\/val\/wp-json\/wp\/v2\/pages\/472"}],"collection":[{"href":"https:\/\/orapeniscola.com\/val\/wp-json\/wp\/v2\/pages"}],"about":[{"href":"https:\/\/orapeniscola.com\/val\/wp-json\/wp\/v2\/types\/page"}],"author":[{"embeddable":true,"href":"https:\/\/orapeniscola.com\/val\/wp-json\/wp\/v2\/users\/3"}],"replies":[{"embeddable":true,"href":"https:\/\/orapeniscola.com\/val\/wp-json\/wp\/v2\/comments?post=472"}],"version-history":[{"count":2,"href":"https:\/\/orapeniscola.com\/val\/wp-json\/wp\/v2\/pages\/472\/revisions"}],"predecessor-version":[{"id":821,"href":"https:\/\/orapeniscola.com\/val\/wp-json\/wp\/v2\/pages\/472\/revisions\/821"}],"wp:attachment":[{"href":"https:\/\/orapeniscola.com\/val\/wp-json\/wp\/v2\/media?parent=472"}],"curies":[{"name":"wp","href":"https:\/\/api.w.org\/{rel}","templated":true}]}}